 d and b.
11
Let l(c) = -5*c + 1. Suppose -5*m + 5 = 5*n, -5*n + 4*n - 5*m = 3. Let w be l(n). Let u = w - -13. Calculate the greatest common factor of 20 and u.
4
Suppose -219 = -4*u + 285. What is the highest common factor of 18 and u?
18
Let a be (-2 + -13)*(-1)/3. Suppose -a*d - p = -26, 0 = 4*d - 4*p + 2*p - 32. Calculate the greatest common factor of 48 and d.
6
Let h(b) be the first derivative of -b**3/3 + b**2/2 + 54*b + 3. Let p be h(0). Let o be ((-6)/(-9))/(2/p). Calculate the greatest common divisor of o and 27.
9
Suppose -4*a = -4*z - 45 - 3, -4*z = 8. What is the highest common factor of a and 10?
10
Let t(j) = j**3 + 13*j**2 + 7*j + 10. Let h be t(-12). What is the highest common divisor of h and 7?
7
Let l(m) = m**3 - 2*m. Let o be l(2). Let k = -9 + o. Let f = 8 + k. Calculate the greatest common factor of f and 24.
3
Suppose -4*w + w = -132. Suppose -5*m - 32 = -5*g - 7, -4*m - 2*g = w. Let t be (0 + m)*(-4 - 5). What is the highest common factor of t and 9?
9
Let z = -3 + 18. Calculate the greatest common factor of 60 and z.
15
Suppose -4 + 6 = 2*z. Calculate the greatest common factor of 1 and z.
1
Let i be 50/4*(-18)/(-15). Let t = i + 5. What is the highest common divisor of 4 and t?
4
Suppose -3*m - 4*m = -1771. What is the highest common factor of 23 and m?
23
Let f(n) = -n**3 - 9*n**2 - 11*n - 3. Let q be f(-8). Let b = -198 + 133. Let s be (-1)/(-1) + b/(-5). What is the greatest common divisor of q and s?
7
Let d be -37*(3 - (-2 - -7)). Suppose 0 = -5*a + 3*k + d, -4*k - k - 67 = -4*a. Calculate the highest common divisor of a and 65.
13
Suppose -u + 280 = 4*u. What is the greatest common divisor of 7 and u?
7
Suppose 4*o = -o + 315. Suppose -133 = -4*c - 49. Calculate the greatest common divisor of c and o.
21
Let x(y) = -y + 10. Let g be x(9). What is the highest common factor of g and 7?
1
Suppose 10*d = -8*d + 1530. What is the highest common divisor of d and 34?
17
Let y(c) be the second derivative of c**4/12 - 5*c**3/6 - 3*c**2 + c. Let w be y(7). Calculate the greatest common factor of w and 8.
8
Let h(z) = -2*z. Let w be h(-7). Suppose 4*q + 118 = 3*y, -5*q - 200 = -3*y - 2*y. What is the highest common factor of w and y?
14
Suppose -j = -o - 160, 5*o - 493 = -5*j + 307. What is the greatest common divisor of j and 10?
10
Let f be (-7)/(196/(-1284)) + 3/21. Calculate the highest common divisor of f and 23.
23
Let m(h) = h**3 + h**2 - h + 21. Let d be 1*(3 - (-3 + 6)). Let n be m(d). Let q be (-12)/(-6) - (-40)/1. What is the highest common divisor of n and q?
21
Let o(t) = -t - 1. Let w be o(-2). Suppose w = y + 2. Let u be 1/(y + 0) + 27. Calculate the highest common divisor of 65 and u.
13
Suppose -3*p + 74 = -4*a, 3*a = 3 + 9. What is the greatest common divisor of 10 and p?
10
Let b be -4*2/(-8) + 0. What is the greatest common factor of b and 11?
1
Let q = 5 - 3. Let t = q + 2. What is the highest common divisor of 2 and t?
2
Let f = 57 - 39. Calculate the greatest common divisor of f and 18.
18
Let a = -4 + 40. What is the highest common divisor of a and 9?
9
Let p(b) = -b**3 + 6*b**2 - 2*b + 2. Let u be p(4). Calculate the highest common factor of u and 130.
26
Let h be (40/(-3))/(-4)*36. Suppose 0*u - h = -4*u. Calculate the greatest common factor of u and 20.
10
Let r(a) = a**3 + 9*a**2 - 4*a - 10. Let q be r(-9). What is the greatest common divisor of 234 and q?
26
Suppose 6*s = 7*s - 85. What is the greatest common factor of s and 17?
17
Suppose -33 = 5*k - 83. Let f be (-1 - -7)*(-125)/10. Let h = f + 145. What is the greatest common divisor of k and h?
10
Let l(d) = 38*d**2 - d + 1. Let f(n) = n**2 - n. Let z(p) = -2*f(p) + l(p). Let q be z(-1). Calculate the highest common factor of 24 and q.
12
Let j(m) = -m**3 + 2*m**2 + 3*m + 4. Let t be j(-3). Let l = 61 - t. Calculate the greatest common divisor of l and 14.
7
Let a be 14/(4*4/8). What is the highest common factor of a and 21?
7
Suppose 48 = 2*r - 4*r. Let i be (0 + r/(-3))/2. Let o = 13 - i. What is the highest common factor of o and 9?
9
Suppose l = -3*i - 30, 2*l - 10 + 34 = 3*i. Let y be l/12 - (-61)/2. What is the greatest common divisor of y and 232?
29
Let m = 91 + -31. What is the greatest common factor of 45 and m?
15
Let d(p) = p**3 - 2*p**2 - 10*p + 1. Let q be d(7). Suppose q = 4*w - 0*w. What is the highest common factor of w and 11?
11
Let j(a) = 3*a**2 - 2*a + 2. Let p(y) = 6*y**2 - 5*y + 4. Let h(d) = -5*j(d) + 3*p(d). Let t be h(6). Calculate the highest common divisor of 32 and t.
16
Let o(y) be the third derivative of y**4/24 + 2*y**3 + 2*y**2. Let c be o(0). Calculate the greatest common divisor of 3 and c.
3
Suppose 4*s + m = 6*m + 2, -5*s + 2*m + 11 = 0. Let v = s + 4. Calculate the highest common divisor of v and 21.
7
Suppose 3*d = -5*p + 120, -p + 5*d - 9*d = -24. Calculate the greatest common factor of p and 180.
12
Let v(f) = -f**3 + 11*f**2 - 11*f + 10. Let z be v(8). Calculate the highest common divisor of z and 76.
38
Let r be -2 + (2 - 1) - -14. Let m = r + -9. Let y be (-108)/(-21) - -3 - 6/42. Calculate the highest common factor of y and m.
4
Let v = 592 - 372. Calculate the greatest common factor of v and 20.
20
Suppose u + 3*u - 120 = 0. Suppose 2*d = 5*d - u. What is the greatest common factor of 4 and d?
2
Let w = 5 + -7. Let n be w/(0 - 6/(-15)). Let p = 23 + n. What is the greatest common divisor of 12 and p?
6
Let a = -15 - -28. Let l be 8/2*(-3 + a). Let r be -2 + 4 + 0 + 18. What is the highest common factor of r and l?
20
Let h be 1 - (3 + -69 - 3). Suppose -2*w = -14 - h. Let a(x) = 3*x - 1. Let v be a(5). What is the greatest common divisor of v and w?
14
Suppose 5*s + 675 = -5*v, 2*v + 143 + 106 = 5*s. Let u be (v/(-36))/(1/48). Calculate the greatest common factor of 16 and u.
16
Let t(l) be the second derivative of l**4/12 + 47*l**2/2 - 2*l. Let z be t(0). Suppose 0 = -5*o - z + 187. What is the highest common divisor of o and 7?
7
Suppose 4*t + 0 - 8 = 0. Suppose -12 = -2*h - t. Let j = 11 + 24. What is the highest common factor of j and h?
5
Let u = 6 - 5. Calculate the greatest common factor of 9 and u.
1
Let b(d) = d**3 - 8*d**2 - 9*d + 6. Let t be b(9). What is the highest common factor of 9 and t?
3
Let l be (-24 + -1)/(1 - (-2 - -4)). Calculate the highest common factor of l and 175.
25
Let b(v) = v. Let m be b(4). Suppose -m*u = -u - 6. Suppose -11 = -u*p + 35. What is the greatest common divisor of 161 and p?
23
Suppose 0 = 3*g + 4*p - 87, -6*g - 105 = -9*g + 2*p. What is the greatest common divisor of 11 and g?
11
Suppose 0 = 2*l + 2*l + 20, 61 = 2*w + 3*l. Calculate the greatest common factor of 76 and w.
38
Let d = -285 + 165. Let y be 8/6*d/(-16). What is the greatest common divisor of 10 and y?
10
Let n(i) = i**3 - 5*i**2 + 2*i - 2. Let w be n(5). Calculate the highest common factor of 72 and w.
8
Let m be (15*(-4)/(-6))/1. Calculate the highest common divisor of 4 and m.
2
Let h(g) = -2*g - 4. Let r be h(-9). Let q = 28 - r. Calculate the highest common factor of q and 21.
7
Let w be 5*(-8)/220 - (-1102)/11. What is the greatest common divisor of w and 40?
20
Let z be 0/(2*2/4). Suppose -150 = -2*a - 3*g - 0*g, -5*g - 10 = z. Calculate the highest common divisor of 52 and a.
26
Let d be ((-48)/(-20))/((-1)/(25/(-10))). Calculate the greatest common factor of 42 and d.
6
Let i be 3080/(-42)*-1*3. Calculate the greatest common factor of 20 and i.
20
Let y(v) = -v**3 + 4*v**2 + 7*v - 1. Let i be y(-5). Calculate the highest common divisor of 27 and i.
27
Let r be 2/6*(-3702)/(-2). Suppose -2*s = 3*t - 238, 2*t - r = -4*s - s. What is the greatest common factor of s and 50?
25
Let n = 116 + -88. Calculate the greatest common factor of 14 and n.
14
Suppose -r + 3*r = 4. Suppose -v - n + 5*n = 9, 3*n = 9. Let i = 6 - v. What is the highest common divisor of r and i?
1
Let v = -6 - -4. Let y be -1 + 2 + (v - -3). Suppose -4*b = 4*o, -b + 3*o = -y*b - 10. What is the greatest common divisor of b and 55?
5
Let m = 2 + 5. Let x = m - 2. Let r be 45*1*(1 + 0). What is the greatest common factor of x and r?
5
Let q = 14 + -10. Calculate the greatest common divisor of 1 and q.
1
Suppose -3*a = 5*s + 2*a - 235, 0 = -a + 5. Calculate the greatest common factor of 12 and s.
6
Suppose -2*g 